t w be -1 + -1 + 8 - 0. What is the remainder when (9/w)/(y/(-350)) is divided by 9?
8
Suppose 821 + 2224 = 29*f. What is the remainder when f is divided by 74/(2/1 + 0)?
31
Let q = -133 + 157. Let g = 15 + 101. Calculate the remainder when g is divided by q.
20
Let g be (3/(-9))/((-1)/117). Suppose 0 = 2*o - g - 1. Suppose -5*v = -110 + o. What is the remainder when 33 is divided by v?
15
Suppose -9 = 2*t - 5*t. Suppose 4 = 3*n + 2*a - 9, 0 = 5*n + t*a - 21. Let d(g) = 4*g**2 + 4*g + 1. Calculate the remainder when d(n) is divided by 17.
15
What is the remainder when 255 is divided by ((-67)/(-335))/((-2)/(-290))?
23
Let s(c) = 4*c**3 + 1. Let k be s(-1). Let y(g) = -2*g**3 - 3*g**2 + 1. Let m be y(-3). What is the remainder when 37 is divided by -3 + m + k - 2?
17
Suppose 23 = 2*g + 1. Let f(u) be the second derivative of u**5/20 + u**3/3 + 2*u**2 + 2*u. What is the remainder when g is divided by f(0)?
3
Suppose -2*o + 3*o = 3*l - 31, 2*l - o = 20. Let m = 18 - l. Suppose -3*t + m + 53 = 0. What is the remainder when 79 is divided by t?
19
Suppose 1381 + 13 = 17*z. What is the remainder when 305 is divided by z?
59
Suppose 0 = b + 5*t - 74, -3*b - 2*t - 2*t + 200 = 0. What is the remainder when b is divided by 5?
4
Suppose -4*x = -291 + 11. Let b = x - 30. What is the remainder when b is divided by 11?
7
Let i(v) = 150*v - 122. What is the remainder when i(5) is divided by 90?
88
Let c = 64 - 68. What is the remainder when 7 - (1/(-3))/(c/(-24)) is divided by 6?
3
Suppose 7*a = 5*n + 10*a - 242, -a + 50 = n. Calculate the remainder when 366 is divided by n.
44
Suppose 18*a - 16*a = 0. Suppose a = 5*b - 20, -t + 5*b + 20 = -4. What is the remainder when t is divided by 12?
8
Let m(j) = 2*j + 25. Let n be m(-10). Suppose 0 = n*r - h - 224, r + 4*h - 24 = -h. What is the remainder when r is divided by 12?
8
Let w(z) = z + 21. Suppose -3*y - 5*y = 64. Let r = 153 - 77. Calculate the remainder when r is divided by w(y).
11
Let j = 66 - 23. Let z = j + -38. What is the remainder when 8 is divided by z?
3
Let p = -36 - -35. What is the remainder when ((-1)/(-3))/(p/(-39)) is divided by 5?
3
Let r(q) = -q**3 - 6*q**2 - 10*q - 7. What is the remainder when 89 is divided by r(-5)?
17
Suppose -7*x - 38 = -5*x. Let k = x - -24. What is the remainder when 29 is divided by k?
4
Let h(w) = -12 + 4*w - 3*w + 37 + 0*w. Calculate the remainder when 76 is divided by h(-17).
4
Suppose 5*p - 20 = 2*r, p = -7*r + 4*r + 21. Suppose 174 = 9*m - p*m. Let g(w) = 7*w - 1. What is the remainder when m is divided by g(3)?
18
Suppose 0 = -w + 5*w - 56. Suppose -7 = 2*g - 115. Calculate the remainder when g is divided by w.
12
Suppose -q + 78 = 2*v, 0 = -6*v + v + 5*q + 210. Let s = v - 25. Suppose 3*l + 0*l + 13 = 2*x, 5*x + 4*l = 44. Calculate the remainder when s is divided by x.
7
Suppose h + 1 = -5*i, -101 = -8*h + 4*h + i. Calculate the remainder when 78 is divided by h.
6
Let d(k) = -21*k + 130. Let c be d(6). Suppose 0 = 6*v - 2*v. Suppose 228 = -v*i + c*i. Calculate the remainder when i is divided by 20.
17
Let y(z) = z**3 + 6*z**2 + 8. Let b = 16 - 30. Let o = 8 + b. What is the remainder when 30 is divided by y(o)?
6
Suppose -73*y = -75*y + 72. What is the remainder when 1079 is divided by y?
35
Calculate the remainder when 135/25*1445/51 is divided by 39.
36
Let m = 975 + -590. Calculate the remainder when m is divided by 56.
49
Let y(n) = -6*n**2 + 0*n**2 + 4*n**2 + 18*n - 3. Calculate the remainder when 62 - 3/(1 + -4) is divided by y(8).
11
Let m(t) = -6*t - 6. Let g = -56 - -65. What is the remainder when m(-11) is divided by g?
6
Let d = 23 - 14. Let y(h) = -h**3 + 8*h**2 + 8*h + 9. Let q be y(d). What is the remainder when 20 is divided by 7 - q*2/(-6)?
6
Suppose i + 4*i = -5*i. Suppose 4*j + 3*d + 8 = 280, -4*j - 2*d + 276 = i. What is the remainder when j is divided by 18?
17
Suppose x - 2*x = 4*b + 13, 0 = -2*b + 4*x + 16. Calculate the remainder when 46 is divided by (9 - 11)/(b/14).
4
Suppose -10*m - 204 = -6*m. Let k = m + 61. Let r = 7 - 4. Calculate the remainder when k is divided by r.
1
Let v(q) be the second derivative of 77/2*q**2 - 2*q - 1/20*q**5 + 0 + 1/6*q**3 + 0*q**4. Calculate the remainder when v(0) is divided by 26.
25
Suppose -2*r = -4, -135*y + 133*y = -4*r - 508. What is the remainder when y is divided by 37?
36
Let r be ((-2)/(-6))/((-7)/84). What is the remainder when (-3*6/27)/(r/606) is divided by 34?
33
Suppose 238*f - 227*f - 11 = 0. Calculate the remainder when 9 is divided by f.
0
Suppose -27 - 108 = -9*q. What is the remainder when 85 is divided by q?
10
Let i(b) = b**3 + 5*b**2 - 6*b + 3. Let h be i(-6). Suppose -5*s = -h*s - 1568. Calculate the remainder when s/14*(-2)/(-4) is divided by 15.
13
Suppose -80 = -141*c + 136*c. Let k(i) = -7*i - 2. Let w(b) = b**2 + 9*b - 7. Let y be w(-9). Calculate the remainder when k(y) is divided by c.
15
Let d = 66 + -63. Suppose 4*j = -20, -d*y + 3*j - 4 = -55. Calculate the remainder when y is divided by 10.
2
Suppose -4*c = -6*c - 90. Let x = -43 - c. Suppose 1 = 5*a - 29. Calculate the remainder when a is divided by x.
0
Suppose 4*x = 2*t - 4, t + 5*x + 2 = -24. Suppose 0 = -j - 10 - 7. Let k = t - j. What is the remainder when 32 is divided by k?
10
Suppose -3*z + t + 89 = 0, -3*t + 2*t = -4*z + 118. What is the remainder when 202 is divided by z?
28
Suppose -6*i = -2 - 10. Suppose 0 = 5*o + 4*a - 317, i*o + 4*a = -0*o + 134. Calculate the remainder when o is divided by 32.
29
Suppose 2157 = -7*r + 2318. Calculate the remainder when 527 is divided by r.
21
Suppose 8*u + 5*u - 247 = 0. Calculate the remainder when 41 is divided by u.
3
Let j(t) = t**3 + 8*t**2 + 14*t + 38. Calculate the remainder when 93 is divided by j(-6).
15
Let f(i) = -i**3 - 2*i**2 + i. Let o be f(-2). Suppose 5*c + 3*v - 2 = 8, 4*c - 2*v = 30. What is the remainder when 3 is divided by (c/o)/(20/(-16))?
1
Suppose -k - 7*t = -4*t + 21, -2*k = t + 52. Let u = 66 + k. What is the remainder when 113 is divided by u?
35
Suppose -3*h - 5*a = -3*a - 105, 0 = -h + 3*a + 46. Calculate the remainder when 106 is divided by h.
32
Let q(l) = l**3 - 4. Let i be ((-6)/8 + 1)*(12 + 4). Calculate the remainder when q(i) is divided by 16.
12
Let f = 9 - -26. What is the remainder when 102 is divided by f?
32
Let f(z) = -29*z**3 - z - 2. Let k = 46 - -37. What is the remainder when k is divided by f(-1)?
27
Calculate the remainder when -4 - -6 - (-28 - -1) is divided by (-38)/(-2) + (39 - 42).
13
Suppose 0 = 2*r - 11*r + 531. What is the remainder when 113 is divided by r?
54
Suppose 5*d - 325 = -m, -3*d - 4*m - 86 = -4*d. Calculate the remainder when 328 is divided by d.
64
Suppose 42 = 2*j + 3*a, 10*j - a = 6*j + 126. Let w(u) = 2*u**3 - 2*u**2 + 7*u - 5. Calculate the remainder when w(4) is divided by j.
29
Calculate the remainder when 524 - ((-3)/(-10) - (-2703)/(-510)) is divided by 41.
37
What is the remainder when 47 is divided by 38/1 + (-44)/4 + 11?
9
Let v = -103 + 193. What is the remainder when v is divided by 31?
28
Let h = 33 - 13. Let q = -17 + 25. Suppose 3*a + 185 = q*a. What is the remainder when a is divided by h?
17
Suppose 0 = 21*b - 16*b - 25. Let p(r) = r + 8. What is the remainder when p(b) is divided by 4?
1
Let w(g) = g**3 + 22*g**2 - 2*g - 8. Calculate the remainder when 122 is divided by w(-22).
14
Let j(t) = t**3 - 3*t**2 + 4*t - 2. Let p(x) = -x + 1. Let r be p(-2). Let f(l) = -17*l + 718. Calculate the remainder when j(r) is divided by f(42).
2
What is the remainder when (2241/(-81))/((-2)/42) is divided by 98?
91
Suppose -11*k + 16 = -7*k. Suppose k*h + 0*h - 8 = 0. Suppose -3*r + 11 = h. What is the remainder when r is divided by 1?
0
Suppose 11*i = -3*i + 350. Suppose i*b - 171 = 16*b. What is the remainder when 51 is divided by b?
13
Let f(k) = k**2 - 14*k + 4. Let j(d) = d**2 + 2*d + 1. What is the remainder when j(-7) is divided by f(15)?
17
Suppose -20 = -5*d + 3*d. What is the remainder when (-27 - -5)/(6 - 8) - -6 is divided by d?
7
Let x = 25 - 15. Let p(m) = -8*m**3 + 2*m**2 + 3*m. Calculate the remainder when p(-2) is divided by 26/2 - (6 - x).
15
What is the remainder when 22/(-10) - -2 - 21153/(-165) is divided by 15?
8
Let t = 520 + -412. What is the remainder when t is divided